 to base 10
99
5 (base 11) to base 15
5
What is 42 (base 14) in base 16?
3a
What is -1011 (base 2) in base 11?
-10
Convert -20 (base 4) to base 6.
-12
What is -3 (base 12) in base 15?
-3
-1121 (base 3) to base 11
-3a
11 (base 8) to base 9
10
Convert -12 (base 16) to base 9.
-20
175 (base 9) to base 16
95
What is 23 (base 12) in base 11?
25
-33 (base 6) to base 12
-19
-a (base 11) to base 10
-10
Convert 15 (base 11) to base 12.
14
What is 79 (base 11) in base 14?
62
-7 (base 8) to base 15
-7
22 (base 9) to base 13
17
11020 (base 3) to base 15
79
24 (base 5) to base 8
16
Convert -334 (base 5) to base 13.
-73
What is -11 (base 2) in base 6?
-3
Convert -59 (base 11) to base 9.
-71
-115 (base 7) to base 3
-2021
What is 24 (base 6) in base 15?
11
What is 5 (base 15) in base 14?
5
Convert 6 (base 7) to base 16.
6
What is -8d (base 14) in base 4?
-1331
6 (base 15) to base 12
6
What is 1 (base 8) in base 15?
1
Convert -1051 (base 7) to base 10.
-379
Convert 221 (base 3) to base 15.
1a
What is f (base 16) in base 15?
10
What is 0 (base 4) in base 16?
0
What is -3 (base 6) in base 9?
-3
Convert -11 (base 6) to base 4.
-13
-15d (base 14) to base 3
-101100
42 (base 8) to base 12
2a
What is c6 (base 13) in base 9?
200
Convert 4 (base 15) to base 13.
4
What is -a (base 14) in base 15?
-a
-1202 (base 4) to base 3
-10122
What is -22 (base 3) in base 11?
-8
Convert 217 (base 8) to base 6.
355
What is 0 (base 16) in base 2?
0
Convert -130 (base 16) to base 4.
-10300
Convert -5 (base 9) to base 15.
-5
4 (base 7) to base 13
4
Convert 11 (base 4) to base 6.
5
What is 16 (base 13) in base 6?
31
What is -63 (base 11) in base 2?
-1000101
Convert -34 (base 6) to base 2.
-10110
Convert 20 (base 6) to base 4.
30
Convert -120 (base 5) to base 12.
-2b
Convert -7e (base 16) to base 13.
-99
Convert -11 (base 14) to base 8.
-17
What is 1 (base 2) in base 7?
1
What is -2 (base 11) in base 6?
-2
What is 2 (base 11) in base 5?
2
Convert b (base 14) to base 15.
b
What is -11 (base 4) in base 10?
-5
1 (base 3) to base 9
1
What is 0 (base 16) in base 6?
0
Convert 335 (base 10) to base 15.
175
-1111100 (base 2) to base 14
-8c
21 (base 6) to base 10
13
Convert 2 (base 7) to base 5.
2
What is 0 (base 13) in base 11?
0
5c (base 16) to base 13
71
What is -101 (base 6) in base 9?
-41
Convert -6 (base 9) to base 11.
-6
Convert 1 (base 4) to base 3.
1
Convert 3 (base 8) to base 13.
3
10 (base 3) to base 2
11
What is -102 (base 3) in base 4?
-23
What is -240 (base 5) in base 10?
-70
Convert -133 (base 5) to base 12.
-37
What is -b (base 12) in base 8?
-13
Convert -27 (base 9) to base 8.
-31
Convert 11010 (base 2) to base 7.
35
What is -5 (base 10) in base 6?
-5
Convert -10 (base 3) to base 16.
-3
Convert -14 (base 9) to base 2.
-1101
Convert 110 (base 4) to base 14.
16
-40 (base 15) to base 9
-66
-3 (base 14) to base 2
-11
142 (base 6) to base 7
116
Convert a (base 13) to base 16.
a
-4 (base 7) to base 3
-11
Convert 4 (base 9) to base 2.
100
What is -2 (base 3) in base 6?
-2
-1 (base 4) to base 13
-1
-a7 (base 15) to base 4
-2131
Convert 4 (base 12) to base 5.
4
Convert -10 (base 11) to base 13.
-b
Convert 45 (base 10) to base 7.
63
Convert -25 (base 14) to base 16.
-21
What is 103 (base 4) in base 7?
25
13 (base 6) to base 16
9
5 (base 9) to base 7
5
Convert -a (base 11) to base 15.
-a
Convert 373 (base 9) to base 16.
135
25 (base 14) to base 8
41
What is 23 (base 6) in base 5?
30
Convert 1220 (base 3) to base 13.
3c
3131 (base 4) to base 12
165
What is -3 (base 9) in base 16?
-3
What is 13 (base 11) in base 6?
22
What is -63 (base 14) in base 7?
-153
-198 (base 11) to base 6
-1020
-1010000 (base 2) to base 12
-68
Convert -1b (base 13) to base 6.
-40
Convert -107 (base 15) to base 7.
-451
1 (base 10) to base 4
1
49 (base 13) to base 7
115
What is -445 (base 7) in base 4?
-3211
What is 39 (base 10) in base 5?
124
What is -21 (base 4) in base 14?
-9
What is -8 (base 12) in base 6?
-12
What is 27 (base 12) in base 5?
111
What is 171 (base 9) in base 15?
9a
Convert 202 (base 6) to base 11.
68
Convert -5 (base 8) to base 5.
-10
Convert 4 (base 11) to base 13.
4
0 (base 3) to base 10
0
-4 (base 5) to base 16
-4
What is 2303 (base 5) in base 10?
328
Convert 47 (base 11) to base 15.
36
What is 1010100 (base 2) in base 5?
314
Convert -4 (base 5) to base 4.
-10
1 (base 14) to base 12
1
100 (base 2) to base 15
4
Convert -5 (base 14) to base 3.
-12
Convert -28 (base 16) to base 4.
-220
-58 (base 11) to base 8
-77
Convert 2 (base 8) to base 15.
2
Convert 2 (base 12) to base 13.
2
What is 7 (base 11) in base 16?
7
323 (base 9) to base 13
174
110 (base 3) to base 15
c
-42 (base 7) to base 6
-50
Convert -22 (base 4) to base 10.
-10
-11 (base 2) to base 3
-10
31 (base 6) to base 7
25
Convert -102 (base 3) to base 10.
-11
Convert -24 (base 11) to base 13.
-20
What is 16 (base 11) in base 16?
11
2 (base 5) to base 15
2
What is -123 (base 7) in base 11?
-60
46 (base 11) to base 16
32
Convert -6 (base 7) to base 2.
-110
93 (base 11) to base 14
74
-1001 (base 2) to base 4
-21
What is 36 (base 12) in base 16?
2a
Convert -123 (base 5) to base 14.
-2a
3a (base 16) to base 4
322
What is -144 (base 12) in base 13?
-121
What is 1 (base 5) in base 14?
1
0 (base 16) to base 11
0
What is 8 (base 15) in base 7?
11
-120 (base 10) to base 3
-11110
What is 6 (base 7) in base 8?
6
17 (base 14) to base 13
18
What is -b1 (base 14) in base 5?
-1110
Convert 0 (base 3) to base 10.
0
Convert -4 (base 13) to base 6.
-4
2 (base 5) to base 13
2
Convert -1 (base 9) to base 15.
-1
Convert -26 (base 8) to base 7.
-31
What is -40 (base 5) in base 4?
-110
22 (base 5) to base 14
c
Convert -82 (base 14) to base 16.
-72
Convert 22 (base 3) to base 6.
12
-5 (base 16) to base 7
-5
Convert 5 (base 13) to base 15.
5
-7 (base 13) to base 3
-21
What is -8 (base 9) in base 12?
-8
What is 6 (base 14) in base 9?
6
What is -3 (base 6) in base 8?
-3
What is -3 (base 10) in base 7?
-3
What is 111 (base 3) in base 8?
15
1005 (base 6) to base 16
dd
-2 (base 10) to base 15
-2
-203 (base 4) to base 14
-27
What is 3 (base 7) in base 3?
10
What is 26 (base 15) in base 6?
100
4 (base 6) to base 5
4
-1101000 (base 2) to base 4
-1220
Convert -1 (base 5) to base 12.
-1
What is -102 (base 5) in base 7?
-36
Convert 2 (base 15) to base 12.
2
What is 15 (base 8) in base 9?
14
What is 83 (base 13) in base 8?
153
What is -1110 (base 2) in base 6?
-22
14 (base 13) to base 4
101
What is 5b (base 16) in base 11?
83
Convert 174 (base 8) to base 10.
124
Convert 2 (base 14) to base 15.
2
Convert 103 (base 5) to base 15.
1d
Convert -6 (base 12) to base 10.
-6
Convert -56 (base 16) to base 3.
-10012
-15 (base 10) to base 16
-f
What is 7 (base 16) in base 3?
21
Convert -33 (base 7) to base 16.
-18
-12 (base 7) to base 13
-9
267 (base 9) to base 13
142
What is -3 (base 16) in base 2?
-11
What is 8c (base 13) in base 16?
74
Convert -6 (base 11) to base 12.
-6
7 (base 8) to base 14
7
Convert -124 (base 7) to base 14.
-4b
What is -20 (base 4) in base 5?
-13
Convert a (base 11) to base 6.
14
Convert 13 (base 8) to base 6.
15
What is -12 (base 11) in base 10?
-13
-11 (base 2) to base 16
-3
4c (base 16) to base 15
51
Convert 12 (base 12) to base 8.
16
38 (base 10) to base 12
32
Convert 102222 (base 3) to base 11.
274
Convert 114 (base 7) to base 11.
55
Convert -5 (base 7) to base 9.
-5
What is 22 (base 12) in base 11?
24
What is 2c (base 15) in base 10?
42
Convert 8c (base 16) to base 9.
165
Convert -102 (base 4) to base 3.
-200
Convert 224 (base 6) to base 16.
58
Convert -26 (base 10) to base 9.
-28
Convert b (base 13) to base 4.
23
10 (base 6) to base 7
6
32 (base 4) to base 2
1110
What is 107 (base 10) in base 7?
212
What is -7 (base 12) in base 11?
-7
What is -1 (base 8) in base 6?
-1
What is -176 (base 10) in base 2?
-10110000
Convert 65 (base 9) to base 8.
73
What is 22 (base 10) in base 3?
211
Convert -10 (base 3) to base 5.
-3
Convert 0 (base 5) to base 9.
0
What is 5 (base 9) in base 10?
5
-10 (base 9) to base 11
-9
What is 1 (base 5) in base 13?
1
-b (base 14) to base 5
-21
13 (base 9) to base 3
110
11222 (base 3) to base 4
2012
-5 (base 12) to base 10
-5
Convert 5 (base 14) to base 11.
5
-1220 (base 3) to base 16
-33
112 (base 10) to base 2
1110000
What is 2 (base 15) 